{"id":530,"date":"2013-01-22T21:18:15","date_gmt":"2013-01-22T21:18:15","guid":{"rendered":"http:\/\/www.gyekenyes-szallasajanlo.hu\/?page_id=530"},"modified":"2018-06-27T14:42:40","modified_gmt":"2018-06-27T14:42:40","slug":"1-domu","status":"publish","type":"page","link":"https:\/\/www.gyekenyes-szallasajanlo.hu\/sk\/nasa-ponuka\/1-domu\/","title":{"rendered":"98- \u010cerven\u00fd"},"content":{"rendered":"<p>Z\u00e1kladna cena domu 10.000Ft \/noc.<\/p>\n<p>Dom m\u00e1 rozlohu 14&#215;5 m, dvoj podlazny.<br \/>\nNa pr\u00edzem\u00ed je k\u00fapel\u0148a a plne vybavena kuchy\u0148a (chladni\u010dka, mrazni\u010dka, mikrovlnn\u00e1 r\u00fara, plynovy spor\u00e1k, kavovar)<\/p>\n<p>Predsie\u0148 je vybaven\u00e1 pohovkov. Na poschod\u00ed s\u00fa dve izby ku ka\u017edej izbe je balk\u00f3n. V ka\u017edej izbe je Franc\u00fazska poste\u013e a dve samostatn\u00e9 l\u00f4zka TV.<br \/>\nTak \u017ee kapavita domu je max. 8 os\u00f4b, pre pr\u00edpad n\u00fadze m\u00f4\u017eeme zabezpe\u010di\u0165 dve samostatn\u00e9 postele.<br \/>\nPre pr\u00edpad v\u017e\u010d\u0161ej parie \u013evdi, nyodr\u00fd a oran\u017eov\u00fd dom, zelen\u00fd a \u010derven\u00fd dom sa daj\u00fa spoji\u0165 v jedno na pr\u00edzem\u00ed dverami. Ka\u017ed\u00fd dom je zabezpe \u010den\u00fd bezpe\u010dnosn\u00fdm syst\u00e9mom a kamerami. V ka\u017edej izbe je namon tovan\u00e1 k\u00e1blov\u00e1 telev\u00edzia a Wifi. K domu patri ve\u013ek\u00fd dvor a preto sa mo\u017ee na dvore parkova\u0165 autami. K domu patria a le\u017eadla na opalovanie, z\u00e1hradn\u00e9 lavice gril a \u010dln.<br \/>\nK \u010dercenemu domu patria dva m\u00f3le, tak\u017ee je tv miesto pre 5-6 rybarov.<br \/>\nH\u013ebka vody 5-25m.<\/p>\n","protected":false},"excerpt":{"rendered":"<p>Z\u00e1kladna cena domu 10.000Ft \/noc. Dom m\u00e1 rozlohu 14&#215;5 m, dvoj podlazny. Na pr\u00edzem\u00ed je k\u00fapel\u0148a a plne vybavena kuchy\u0148a (chladni\u010dka, mrazni\u010dka, mikrovlnn\u00e1 r\u00fara, plynovy spor\u00e1k, kavovar) Predsie\u0148 je vybaven\u00e1 pohovkov. Na poschod\u00ed s\u00fa dve izby ku ka\u017edej izbe je &hellip; <a href=\"https:\/\/www.gyekenyes-szallasajanlo.hu\/sk\/nasa-ponuka\/1-domu\/\">Continue reading <span class=\"meta-nav\">&rarr;<\/span><\/a><\/p>\n","protected":false},"author":18,"featured_media":647,"parent":494,"menu_order":20,"comment_status":"open","ping_status":"closed","template":"","meta":{"footnotes":""},"class_list":["post-530","page","type-page","status-publish","has-post-thumbnail","hentry"],"yoast_head":"<!-- This site is optimized with the Yoast SEO plugin v26.7 - https:\/\/yoast.com\/wordpress\/plugins\/seo\/ -->\n<title>Gy\u00e9k\u00e9nyes sz\u00e1ll\u00e1saj\u00e1n\u00f3 - sz\u00e1ll\u00e1sok a gy\u00e9k\u00e9nyesi t\u00f3 partj\u00e1n<\/title>\n<meta name=\"description\" content=\"Ezen a honlapon t\u00e1j\u00e9koz\u00f3dhatnak a gy\u00e9k\u00e9nyesi t\u00f3r\u00f3l illetve a v\u00edzparti sz\u00e1ll\u00e1s lehet\u0151s\u00e9geinkr\u0151l. Itt seg\u00edts\u00e9get tal\u00e1lnak a horg\u00e1szh\u00e1zak, nyaral\u00f3k kiv\u00e1laszt\u00e1s\u00e1ban.\" \/>\n<meta name=\"robots\" content=\"index, follow, max-snippet:-1, max-image-preview:large, max-video-preview:-1\" \/>\n<link rel=\"canonical\" href=\"https:\/\/www.gyekenyes-szallasajanlo.hu\/ajanlatunk\/haz-1\/\" \/>\n<meta name=\"twitter:label1\" content=\"Predpokladan\u00fd \u010das \u010d\u00edtania\" \/>\n\t<meta name=\"twitter:data1\" content=\"1 min\u00fata\" \/>\n<script type=\"application\/ld+json\" class=\"yoast-schema-graph\">{\"@context\":\"https:\/\/schema.org\",\"@graph\":[{\"@type\":\"WebPage\",\"@id\":\"https:\/\/www.gyekenyes-szallasajanlo.hu\/ajanlatunk\/haz-1\/\",\"url\":\"https:\/\/www.gyekenyes-szallasajanlo.hu\/ajanlatunk\/haz-1\/\",\"name\":\"Gy\u00e9k\u00e9nyes sz\u00e1ll\u00e1saj\u00e1n\u00f3 - sz\u00e1ll\u00e1sok a gy\u00e9k\u00e9nyesi t\u00f3 partj\u00e1n\",\"isPartOf\":{\"@id\":\"https:\/\/www.gyekenyes-szallasajanlo.hu\/#website\"},\"primaryImageOfPage\":{\"@id\":\"https:\/\/www.gyekenyes-szallasajanlo.hu\/ajanlatunk\/haz-1\/#primaryimage\"},\"image\":{\"@id\":\"https:\/\/www.gyekenyes-szallasajanlo.hu\/ajanlatunk\/haz-1\/#primaryimage\"},\"thumbnailUrl\":\"https:\/\/www.gyekenyes-szallasajanlo.hu\/files\/P1080142-e1400509227273.jpg\",\"datePublished\":\"2013-01-22T21:18:15+00:00\",\"dateModified\":\"2018-06-27T14:42:40+00:00\",\"description\":\"Ezen a honlapon t\u00e1j\u00e9koz\u00f3dhatnak a gy\u00e9k\u00e9nyesi t\u00f3r\u00f3l illetve a v\u00edzparti sz\u00e1ll\u00e1s lehet\u0151s\u00e9geinkr\u0151l. Itt seg\u00edts\u00e9get tal\u00e1lnak a horg\u00e1szh\u00e1zak, nyaral\u00f3k kiv\u00e1laszt\u00e1s\u00e1ban.\",\"breadcrumb\":{\"@id\":\"https:\/\/www.gyekenyes-szallasajanlo.hu\/ajanlatunk\/haz-1\/#breadcrumb\"},\"inLanguage\":\"sk-SK\",\"potentialAction\":[{\"@type\":\"ReadAction\",\"target\":[\"https:\/\/www.gyekenyes-szallasajanlo.hu\/ajanlatunk\/haz-1\/\"]}]},{\"@type\":\"ImageObject\",\"inLanguage\":\"sk-SK\",\"@id\":\"https:\/\/www.gyekenyes-szallasajanlo.hu\/ajanlatunk\/haz-1\/#primaryimage\",\"url\":\"https:\/\/www.gyekenyes-szallasajanlo.hu\/files\/P1080142-e1400509227273.jpg\",\"contentUrl\":\"https:\/\/www.gyekenyes-szallasajanlo.hu\/files\/P1080142-e1400509227273.jpg\",\"width\":450,\"height\":662},{\"@type\":\"BreadcrumbList\",\"@id\":\"https:\/\/www.gyekenyes-szallasajanlo.hu\/ajanlatunk\/haz-1\/#breadcrumb\",\"itemListElement\":[{\"@type\":\"ListItem\",\"position\":1,\"name\":\"Kezd\u0151lap\",\"item\":\"https:\/\/www.gyekenyes-szallasajanlo.hu\/\"},{\"@type\":\"ListItem\",\"position\":2,\"name\":\"Na\u0161a ponuka\",\"item\":\"https:\/\/www.gyekenyes-szallasajanlo.hu\/sk\/nasa-ponuka\/\"},{\"@type\":\"ListItem\",\"position\":3,\"name\":\"98- \u010cerven\u00fd\"}]},{\"@type\":\"WebSite\",\"@id\":\"https:\/\/www.gyekenyes-szallasajanlo.hu\/#website\",\"url\":\"https:\/\/www.gyekenyes-szallasajanlo.hu\/\",\"name\":\"Gy\u00e9k\u00e9nyes sz\u00e1ll\u00e1saj\u00e1n\u00f3\",\"description\":\"Gy\u00e9k\u00e9nyes sz\u00e1ll\u00e1saj\u00e1n\u00f3\",\"potentialAction\":[{\"@type\":\"SearchAction\",\"target\":{\"@type\":\"EntryPoint\",\"urlTemplate\":\"https:\/\/www.gyekenyes-szallasajanlo.hu\/?s={search_term_string}\"},\"query-input\":{\"@type\":\"PropertyValueSpecification\",\"valueRequired\":true,\"valueName\":\"search_term_string\"}}],\"inLanguage\":\"sk-SK\"}]}<\/script>\n<!-- \/ Yoast SEO plugin. -->","yoast_head_json":{"title":"Gy\u00e9k\u00e9nyes sz\u00e1ll\u00e1saj\u00e1n\u00f3 - sz\u00e1ll\u00e1sok a gy\u00e9k\u00e9nyesi t\u00f3 partj\u00e1n","description":"Ezen a honlapon t\u00e1j\u00e9koz\u00f3dhatnak a gy\u00e9k\u00e9nyesi t\u00f3r\u00f3l illetve a v\u00edzparti sz\u00e1ll\u00e1s lehet\u0151s\u00e9geinkr\u0151l. Itt seg\u00edts\u00e9get tal\u00e1lnak a horg\u00e1szh\u00e1zak, nyaral\u00f3k kiv\u00e1laszt\u00e1s\u00e1ban.","robots":{"index":"index","follow":"follow","max-snippet":"max-snippet:-1","max-image-preview":"max-image-preview:large","max-video-preview":"max-video-preview:-1"},"canonical":"https:\/\/www.gyekenyes-szallasajanlo.hu\/ajanlatunk\/haz-1\/","twitter_misc":{"Predpokladan\u00fd \u010das \u010d\u00edtania":"1 min\u00fata"},"schema":{"@context":"https:\/\/schema.org","@graph":[{"@type":"WebPage","@id":"https:\/\/www.gyekenyes-szallasajanlo.hu\/ajanlatunk\/haz-1\/","url":"https:\/\/www.gyekenyes-szallasajanlo.hu\/ajanlatunk\/haz-1\/","name":"Gy\u00e9k\u00e9nyes sz\u00e1ll\u00e1saj\u00e1n\u00f3 - sz\u00e1ll\u00e1sok a gy\u00e9k\u00e9nyesi t\u00f3 partj\u00e1n","isPartOf":{"@id":"https:\/\/www.gyekenyes-szallasajanlo.hu\/#website"},"primaryImageOfPage":{"@id":"https:\/\/www.gyekenyes-szallasajanlo.hu\/ajanlatunk\/haz-1\/#primaryimage"},"image":{"@id":"https:\/\/www.gyekenyes-szallasajanlo.hu\/ajanlatunk\/haz-1\/#primaryimage"},"thumbnailUrl":"https:\/\/www.gyekenyes-szallasajanlo.hu\/files\/P1080142-e1400509227273.jpg","datePublished":"2013-01-22T21:18:15+00:00","dateModified":"2018-06-27T14:42:40+00:00","description":"Ezen a honlapon t\u00e1j\u00e9koz\u00f3dhatnak a gy\u00e9k\u00e9nyesi t\u00f3r\u00f3l illetve a v\u00edzparti sz\u00e1ll\u00e1s lehet\u0151s\u00e9geinkr\u0151l. Itt seg\u00edts\u00e9get tal\u00e1lnak a horg\u00e1szh\u00e1zak, nyaral\u00f3k kiv\u00e1laszt\u00e1s\u00e1ban.","breadcrumb":{"@id":"https:\/\/www.gyekenyes-szallasajanlo.hu\/ajanlatunk\/haz-1\/#breadcrumb"},"inLanguage":"sk-SK","potentialAction":[{"@type":"ReadAction","target":["https:\/\/www.gyekenyes-szallasajanlo.hu\/ajanlatunk\/haz-1\/"]}]},{"@type":"ImageObject","inLanguage":"sk-SK","@id":"https:\/\/www.gyekenyes-szallasajanlo.hu\/ajanlatunk\/haz-1\/#primaryimage","url":"https:\/\/www.gyekenyes-szallasajanlo.hu\/files\/P1080142-e1400509227273.jpg","contentUrl":"https:\/\/www.gyekenyes-szallasajanlo.hu\/files\/P1080142-e1400509227273.jpg","width":450,"height":662},{"@type":"BreadcrumbList","@id":"https:\/\/www.gyekenyes-szallasajanlo.hu\/ajanlatunk\/haz-1\/#breadcrumb","itemListElement":[{"@type":"ListItem","position":1,"name":"Kezd\u0151lap","item":"https:\/\/www.gyekenyes-szallasajanlo.hu\/"},{"@type":"ListItem","position":2,"name":"Na\u0161a ponuka","item":"https:\/\/www.gyekenyes-szallasajanlo.hu\/sk\/nasa-ponuka\/"},{"@type":"ListItem","position":3,"name":"98- \u010cerven\u00fd"}]},{"@type":"WebSite","@id":"https:\/\/www.gyekenyes-szallasajanlo.hu\/#website","url":"https:\/\/www.gyekenyes-szallasajanlo.hu\/","name":"Gy\u00e9k\u00e9nyes sz\u00e1ll\u00e1saj\u00e1n\u00f3","description":"Gy\u00e9k\u00e9nyes sz\u00e1ll\u00e1saj\u00e1n\u00f3","potentialAction":[{"@type":"SearchAction","target":{"@type":"EntryPoint","urlTemplate":"https:\/\/www.gyekenyes-szallasajanlo.hu\/?s={search_term_string}"},"query-input":{"@type":"PropertyValueSpecification","valueRequired":true,"valueName":"search_term_string"}}],"inLanguage":"sk-SK"}]}},"_links":{"self":[{"href":"https:\/\/www.gyekenyes-szallasajanlo.hu\/sk\/wp-json\/wp\/v2\/pages\/530","targetHints":{"allow":["GET"]}}],"collection":[{"href":"https:\/\/www.gyekenyes-szallasajanlo.hu\/sk\/wp-json\/wp\/v2\/pages"}],"about":[{"href":"https:\/\/www.gyekenyes-szallasajanlo.hu\/sk\/wp-json\/wp\/v2\/types\/page"}],"author":[{"embeddable":true,"href":"https:\/\/www.gyekenyes-szallasajanlo.hu\/sk\/wp-json\/wp\/v2\/users\/18"}],"replies":[{"embeddable":true,"href":"https:\/\/www.gyekenyes-szallasajanlo.hu\/sk\/wp-json\/wp\/v2\/comments?post=530"}],"version-history":[{"count":0,"href":"https:\/\/www.gyekenyes-szallasajanlo.hu\/sk\/wp-json\/wp\/v2\/pages\/530\/revisions"}],"up":[{"embeddable":true,"href":"https:\/\/www.gyekenyes-szallasajanlo.hu\/sk\/wp-json\/wp\/v2\/pages\/494"}],"wp:featuredmedia":[{"embeddable":true,"href":"https:\/\/www.gyekenyes-szallasajanlo.hu\/sk\/wp-json\/wp\/v2\/media\/647"}],"wp:attachment":[{"href":"https:\/\/www.gyekenyes-szallasajanlo.hu\/sk\/wp-json\/wp\/v2\/media?parent=530"}],"curies":[{"name":"wp","href":"https:\/\/api.w.org\/{rel}","templated":true}]}}

98- Červený

<p>Základna cena domu 10.000Ft /noc.</p>
<p>Dom má rozlohu 14&#215;5 m, dvoj podlazny.<br />
Na prízemí je kúpelňa a plne vybavena kuchyňa (chladnička, mraznička, mikrovlnná rúra, plynovy sporák, kavovar)</p>
<p>Predsieň je vybavená pohovkov. Na poschodí sú dve izby ku každej izbe je balkón. V každej izbe je Francúzska posteľ a dve samostatné lôzka TV.<br />
Tak že kapavita domu je max. 8 osôb, pre prípad núdze môžeme zabezpečiť dve samostatné postele.<br />
Pre prípad vžčšej parie ľvdi, nyodrý a oranžový dom, zelený a červený dom sa dajú spojiť v jedno na prízemí dverami. Každý dom je zabezpe čený bezpečnosným systémom a kamerami. V každej izbe je namon tovaná káblová televízia a Wifi. K domu patri veľký dvor a preto sa može na dvore parkovať autami. K domu patria a ležadla na opalovanie, záhradné lavice gril a čln.<br />
K čercenemu domu patria dva móle, takže je tv miesto pre 5-6 rybarov.<br />
Hľbka vody 5-25m.</p>

<p>Základna cena domu 10.000Ft /noc. Dom má rozlohu 14&#215;5 m, dvoj podlazny. Na prízemí je kúpelňa a plne vybavena kuchyňa (chladnička, mraznička, mikrovlnná rúra, plynovy sporák, kavovar) Predsieň je vybavená pohovkov. Na poschodí sú dve izby ku každej izbe je &hellip; <a href="https://www.gyekenyes-szallasajanlo.hu/sk/nasa-ponuka/1-domu/">Continue reading <span class="meta-nav">&rarr;</span></a></p>

<!-- This site is optimized with the Yoast SEO plugin v26.7 - https://yoast.com/wordpress/plugins/seo/ -->
<title>Gyékényes szállásajánó - szállások a gyékényesi tó partján</title>
<meta name="description" content="Ezen a honlapon tájékozódhatnak a gyékényesi tóról illetve a vízparti szállás lehetőségeinkről. Itt segítséget találnak a horgászházak, nyaralók kiválasztásában." />
<meta name="robots" content="index, follow, max-snippet:-1, max-image-preview:large, max-video-preview:-1" />
<link rel="canonical" href="https://www.gyekenyes-szallasajanlo.hu/ajanlatunk/haz-1/" />
<meta name="twitter:label1" content="Predpokladaný čas čítania" />
	<meta name="twitter:data1" content="1 minúta" />
<script type="application/ld+json" class="yoast-schema-graph">{"@context":"https://schema.org","@graph":[{"@type":"WebPage","@id":"https://www.gyekenyes-szallasajanlo.hu/ajanlatunk/haz-1/","url":"https://www.gyekenyes-szallasajanlo.hu/ajanlatunk/haz-1/","name":"Gyékényes szállásajánó - szállások a gyékényesi tó partján","isPartOf":{"@id":"https://www.gyekenyes-szallasajanlo.hu/#website"},"primaryImageOfPage":{"@id":"https://www.gyekenyes-szallasajanlo.hu/ajanlatunk/haz-1/#primaryimage"},"image":{"@id":"https://www.gyekenyes-szallasajanlo.hu/ajanlatunk/haz-1/#primaryimage"},"thumbnailUrl":"https://www.gyekenyes-szallasajanlo.hu/files/P1080142-e1400509227273.jpg","datePublished":"2013-01-22T21:18:15+00:00","dateModified":"2018-06-27T14:42:40+00:00","description":"Ezen a honlapon tájékozódhatnak a gyékényesi tóról illetve a vízparti szállás lehetőségeinkről. Itt segítséget találnak a horgászházak, nyaralók kiválasztásában.","breadcrumb":{"@id":"https://www.gyekenyes-szallasajanlo.hu/ajanlatunk/haz-1/#breadcrumb"},"inLanguage":"sk-SK","potentialAction":[{"@type":"ReadAction","target":["https://www.gyekenyes-szallasajanlo.hu/ajanlatunk/haz-1/"]}]},{"@type":"ImageObject","inLanguage":"sk-SK","@id":"https://www.gyekenyes-szallasajanlo.hu/ajanlatunk/haz-1/#primaryimage","url":"https://www.gyekenyes-szallasajanlo.hu/files/P1080142-e1400509227273.jpg","contentUrl":"https://www.gyekenyes-szallasajanlo.hu/files/P1080142-e1400509227273.jpg","width":450,"height":662},{"@type":"BreadcrumbList","@id":"https://www.gyekenyes-szallasajanlo.hu/ajanlatunk/haz-1/#breadcrumb","itemListElement":[{"@type":"ListItem","position":1,"name":"Kezdőlap","item":"https://www.gyekenyes-szallasajanlo.hu/"},{"@type":"ListItem","position":2,"name":"Naša ponuka","item":"https://www.gyekenyes-szallasajanlo.hu/sk/nasa-ponuka/"},{"@type":"ListItem","position":3,"name":"98- Červený"}]},{"@type":"WebSite","@id":"https://www.gyekenyes-szallasajanlo.hu/#website","url":"https://www.gyekenyes-szallasajanlo.hu/","name":"Gyékényes szállásajánó","description":"Gyékényes szállásajánó","potentialAction":[{"@type":"SearchAction","target":{"@type":"EntryPoint","urlTemplate":"https://www.gyekenyes-szallasajanlo.hu/?s={search_term_string}"},"query-input":{"@type":"PropertyValueSpecification","valueRequired":true,"valueName":"search_term_string"}}],"inLanguage":"sk-SK"}]}</script>
<!-- / Yoast SEO plugin. -->

Gyékényes szállásajánó - szállások a gyékényesi tó partján

Ezen a honlapon tájékozódhatnak a gyékényesi tóról illetve a vízparti szállás lehetőségeinkről. Itt segítséget találnak a horgászházak, nyaralók kiválasztásában.

1 minúta

Kezdőlap

Naša ponuka

Gyékényes szállásajánó
